{"id":309,"date":"2024-04-05T21:30:25","date_gmt":"2024-04-05T19:30:25","guid":{"rendered":"https:\/\/produccion.gob.bo\/?page_id=309"},"modified":"2025-08-27T12:08:46","modified_gmt":"2025-08-27T16:08:46","slug":"declaracion-de-la-mision-vision-valores-y-principios-de-la-entidad","status":"publish","type":"page","link":"https:\/\/produccion.gob.bo\/index.php\/declaracion-de-la-mision-vision-valores-y-principios-de-la-entidad\/","title":{"rendered":"Misi\u00f3n, Visi\u00f3n, Valores y Principios de la Entidad"},"content":{"rendered":"\t\t<div data-elementor-type=\"wp-page\" data-elementor-id=\"309\" class=\"elementor elementor-309\">\n\t\t\t\t<div class=\"elementor-element elementor-element-7f268f8d e-flex e-con-boxed e-con e-parent\" data-id=\"7f268f8d\" data-element_type=\"container\">\n\t\t\t\t\t<div class=\"e-con-inner\">\n\t\t\t\t<div class=\"elementor-element elementor-element-8b804ba elementor-widget elementor-widget-text-editor\" data-id=\"8b804ba\" data-element_type=\"widget\" data-widget_type=\"text-editor.default\">\n\t\t\t\t<div class=\"elementor-widget-container\">\n\t\t\t\t\t\t\t\t\t<h3>Misi\u00f3n<\/h3>\n<p><!-- \/wp:heading -->\n\n<!-- wp:paragraph --><\/p>\n<p><span style=\"color: #6d6d6d; font-family: 'Nunito Sans', sans-serif;\">Promover el desarrollo productivo manufacturero y tur\u00edstico del pa\u00eds, mediante la generaci\u00f3n de pol\u00edticas, estrategias planes y programas que fortalezcan a los actores de la econom\u00eda plural, incrementando la articulaci\u00f3n de la producci\u00f3n nacional, con valor agregado, en los mercados, as\u00ed como el turismo nacional; en armon\u00eda con la Madre Tierra.<\/span><\/p>\n<p><!-- \/wp:paragraph -->\n\n<!-- wp:heading --><\/p>\n<h3>Visi\u00f3n<\/h3>\n<p><!-- \/wp:heading -->\n\n<!-- wp:paragraph --><\/p>\n<p><span style=\"color: #6d6d6d; font-family: 'Nunito Sans', sans-serif;\">El Ministerio de Desarrollo Productivo y Econom\u00eda Plural es una instituci\u00f3n eficiente, transparente y comprometida, al servicio de los actores de la econom\u00eda plural, que promueve el desarrollo productivo con valor agregado, la diversificaci\u00f3n y desarrollo de los mercados interno y externo, la seguridad alimentaria y el turismo bajo los principios de inclusi\u00f3n, reciprocidad, complementariedad, equidad y soberan\u00eda con la Madre Tierra.<\/span><\/p>\n<p><!-- \/wp:list-item --><\/p>\n<p><!-- \/wp:list -->\n\n<!-- wp:heading --><\/p>\n<h3>Lineamientos generales<\/h3>\n<p><span style=\"color: #6d6d6d; font-family: 'Nunito Sans', sans-serif;\">Consolidaci\u00f3n del Modelo Econ\u00f3mico Social Comunitario y Productivo, con el fin de alcanzar los pilares, metas, resultados y acciones establecidos en la Agenda Patri\u00f3tica 2025, en el Plan de Desarrollo Econ\u00f3mico Social, siendo que el Ministerio de Desarrollo Productivo y Econom\u00eda Plural contribuye a trav\u00e9s del Plan Sectorial de Desarrollo Integral y el Plan Estrat\u00e9gico Institucional.<!-- wp:heading --><\/p>\n<h3>Objetivos Estrat\u00e9gicos Institucionales<\/h3>\n<p><span style=\"color: #6d6d6d; font-family: 'Nunito Sans', sans-serif;\">Plan Estrat\u00e9gico Institucional ajustado 2016-2020 se articula a los lineamientos estrat\u00e9gicos que contribuyen al logro de la diversificaci\u00f3n y crecimiento de la matriz productiva con valor agregado en el marco de la econom\u00eda plural, en base al desarrollo de los complejos productivos territoriales, cuyo desaf\u00edo abarca el periodo 2016-2020, con los pilares, metas, resultados y acciones del PDES<\/p>\n<!-- wp:heading --><\/p>\n<h3>Principios de la Entidad<\/h3>\n<p><span style=\"color: #6d6d6d; font-family: 'Nunito Sans', sans-serif;\">\n<ul>\n<li><strong style=\"font-weight: bold;\">Ama Qhilla<\/strong>\u00a0 \u00a0 \u00a0 \u00a0 No seas Flojo<\/li>\n<li><strong style=\"font-weight: bold;\">\u00d1andereko\u00a0 \u00a0 \u00a0 \u00a0 \u00a0<\/strong>Vida armoniosa<\/li>\n<li><strong style=\"font-weight: bold;\">Ama Suwa<\/strong>\u00a0 \u00a0 \u00a0 \u00a0 \u00a0No seas ladr\u00f3n<\/li>\n<li><strong style=\"font-weight: bold;\">Ivi Maraei<\/strong>\u00a0 \u00a0 \u00a0 \u00a0 \u00a0 \u00a0Tierra sin mal<\/li>\n<li><strong style=\"font-weight: bold;\">Ama Llulla<\/strong>\u00a0 \u00a0 \u00a0 \u00a0 \u00a0No seas mentiroso<\/li>\n<li><strong style=\"font-weight: bold;\">Qhapaj \u00d1an<\/strong>\u00a0 \u00a0 \u00a0 \u00a0Vida doble<\/li>\n<li><strong style=\"font-weight: bold;\">Suma Qama\u00f1a<\/strong><span style=\"font-family: 'Nunito Sans', sans-serif;\">\u00a0 Vivir bien<\/span><\/li>\n<li><strong style=\"font-weight: bold;\">Teko Kavi\u00a0<\/strong>\u00a0\u00a0 \u00a0 \u00a0 \u00a0 \u00a0 Vida buena<\/li>\n<\/ul>\n<h4>Valores<\/h4>\n<ul>\n<li>Inclusi\u00f3n<\/li>\n<li>Dignidad<\/li>\n<li>Libertad<\/li>\n<li>Solidaridad<\/li>\n<li>Reciprocidad<\/li>\n<li>Respeto<\/li>\n<li>Armon\u00eda<\/li>\n<li>\u00a0Transparencia<\/li>\n<li>\u00a0Equilibrio<\/li>\n<li>\u00a0Oportunidades<\/li>\n<li>Equidad social y de g\u00e9nero<\/li>\n<li>\u00a0Participaci\u00f3n<\/li>\n<li>Responsabilidad<\/li>\n<\/ul>\n<figure>\n<p><!-- \/wp:image --><\/p>\n<\/figure>\n<p><!-- \/wp:gallery -->\n\n<!-- wp:paragraph --><\/p>\n<p><!-- \/wp:paragraph --><\/p>\t\t\t\t\t\t\t\t<\/div>\n\t\t\t\t<\/div>\n\t\t\t\t\t<\/div>\n\t\t\t\t<\/div>\n\t\t\t\t<\/div>\n\t\t","protected":false},"excerpt":{"rendered":"<p>Misi\u00f3n Promover el desarrollo productivo manufacturero y tur\u00edstico del pa\u00eds, mediante la generaci\u00f3n de pol\u00edticas, estrategias planes y programas que fortalezcan a los actores de la econom\u00eda plural, incrementando la articulaci\u00f3n de la producci\u00f3n nacional, con valor agregado, en los mercados, as\u00ed como el turismo nacional; en armon\u00eda con la Madre Tierra. Visi\u00f3n El Ministerio [&hellip;]<\/p>\n","protected":false},"author":1,"featured_media":0,"parent":0,"menu_order":0,"comment_status":"closed","ping_status":"closed","template":"","meta":{"_acf_changed":false,"footnotes":""},"class_list":["post-309","page","type-page","status-publish","hentry"],"acf":[],"_links":{"self":[{"href":"https:\/\/produccion.gob.bo\/index.php\/wp-json\/wp\/v2\/pages\/309","targetHints":{"allow":["GET"]}}],"collection":[{"href":"https:\/\/produccion.gob.bo\/index.php\/wp-json\/wp\/v2\/pages"}],"about":[{"href":"https:\/\/produccion.gob.bo\/index.php\/wp-json\/wp\/v2\/types\/page"}],"author":[{"embeddable":true,"href":"https:\/\/produccion.gob.bo\/index.php\/wp-json\/wp\/v2\/users\/1"}],"replies":[{"embeddable":true,"href":"https:\/\/produccion.gob.bo\/index.php\/wp-json\/wp\/v2\/comments?post=309"}],"version-history":[{"count":27,"href":"https:\/\/produccion.gob.bo\/index.php\/wp-json\/wp\/v2\/pages\/309\/revisions"}],"predecessor-version":[{"id":19231,"href":"https:\/\/produccion.gob.bo\/index.php\/wp-json\/wp\/v2\/pages\/309\/revisions\/19231"}],"wp:attachment":[{"href":"https:\/\/produccion.gob.bo\/index.php\/wp-json\/wp\/v2\/media?parent=309"}],"curies":[{"name":"wp","href":"https:\/\/api.w.org\/{rel}","templated":true}]}}